False
Is 3*(17126/3 - -13) a composite number?
True
Let t(y) = 132*y**2 - 5*y - 5. Let a = 168 + -162. Is t(a) composite?
True
Let o(t) = 3*t**3 - 17*t**2 + 501*t + 69. Is o(20) prime?
False
Let r(m) = 344*m**2 + 14*m + 35. Let u be -9 - (-11 - -17)/(2/(-1)). Is r(u) a prime number?
False
Is (-37 + 38)/((-9 + 4)/(-2121605)) prime?
False
Suppose -75408 - 22568 = -8*c. Is c prime?
False
Suppose 2*p + 13 - 3 = -a, -2 = a. Is ((-10893)/(-2))/(p*(-21)/56) a composite number?
False
Suppose -3371 = -5*w - 2*n + 5*n, 0 = -w + n + 675. Let m(h) = 2*h**3 + 6*h**2 - 12*h + 12. Let c be m(-7). Let j = w + c. Is j prime?
False
Is (-196815 + 8 - (1 - -6))*4/(-8) a composite number?
False
Let l = -1347 - -927. Let x = -203 - l. Is x composite?
True
Let i = 39 + -34. Suppose i*l + 1920 = 5*v, 2*v - 5*l - 586 = 188. Let p = v + 37. Is p a prime number?
True
Let h = -11638 + 19627. Is h composite?
True
Let k(w) = 1110*w + 979. Is k(94) prime?
True
Let o(l) be the first derivative of -67*l**3/3 - 2*l**2 - 2*l + 10. Let j be o(-2). Let z = j - -425. Is z composite?
False
Suppose 62*i + 54*i - 11242104 = 104*i. Is i a prime number?
False
Suppose -151 = -4*h + 5*x, -x + 1 = 4. Let l = -29 + h. Suppose -4*t = -l*f + 5127, -3*f - t = 2*f - 5137. Is f a composite number?
True
Suppose -23*g + 3*g + 57140 = 0. Let m = 5778 - g. Is m a composite number?
True
Suppose 5*z = -2*f + 27007, 0*z + 40498 = 3*f - 5*z. Is f composite?
True
Suppose -16*r - 6841 = -553. Let x = 668 - r. Is x a composite number?
False
Let j(z) = 71*z + 46 + 15 + 4. Is j(12) a composite number?
True
Let f be 4/(-10) - (-36)/15. Let z = -1653 - -2655. Suppose -4*r - f*v = -z, r + 0*r + 2*v - 249 = 0. Is r a composite number?
False
Suppose 44*s - 45*s + 15771 = -2*k, -15739 = -s - 6*k. Is s composite?
True
Suppose 0 = -c + 6*c - 45. Let r be ((-1)/(-3))/(3/c). Is 4193/14 - r/2 a composite number?
True
Suppose 2*v - 966870 = -5*j + 63751, -4*v - 824480 = -4*j. Is j composite?
False
Let d be (-6)/(-4)*4156/3. Let q = 8173 - 8174. Is 3 + d + -5 - q composite?
True
Let l(n) be the third derivative of -65/6*n**3 - 13*n**2 + 203/24*n**4 + 0 + 0*n. Is l(8) composite?
False
Let w(q) = 920*q**3 - 12*q**2 - 10*q + 10. Is w(6) a prime number?
False
Let m be (-1)/(4/(80/(-4))). Suppose -j - 40 = -4*j - 5*z, z - 30 = -m*j. Suppose 1013 = j*c + 4*r, c + r - 806 = -3*c. Is c a prime number?
False
Let r(d) = 212*d + 57. Suppose -4*b = -7 + 3, 0 = 4*o - 4*b + 28. Let l be 3/o*10 + 10. Is r(l) prime?
True
Let r(l) = 135*l + 19. Suppose -5*c + 40 = 3*q, -20 = -4*q - 0*q. Let v be r(c). Suppose -2*f + v = -f. Is f a prime number?
False
Let w(q) = q**3 - q**2 - 7*q - 4. Let c be w(-2). Is 8648556/812 + c/(-29) composite?
False
Let s = -70576 - -179787. Is s a composite number?
False
Let j be (4 + (-28)/(-20))/((-27)/(-90)). Is (6/j)/((-5)/105)*-449 a composite number?
True
Suppose -4*k - 2*y + 1214378 = 0, k + 47*y - 303599 = 45*y. Is k composite?
False
Let k be (-40)/(-9) + 360/(-810). Suppose 2*a + k*q + 18849 = 5*a, 2*a + 2*q = 12580. Is a prime?
True
Let c(g) = -g**2 - 33*g + 3. Let u be c(-33). Is 2/u*474/4 composite?
False
Let h(g) = 2*g**3 + 5*g**2 - g - 17. Let x be h(-8). Suppose -3*q = -4*m + 4494, -1118 = -2*m + m - 2*q. Let c = x + m. Is c a prime number?
True
Is 4/2*367130/4 prime?
False
Suppose -577*x = -625*x + 746832. Is x a prime number?
True
Let x be (-3 - -4)*-4*2. Let v(p) = -11*p**2 - 5*p - 8. Let m be v(x). Let o = -353 - m. Is o composite?
True
Let f be (-5)/(-20) - 11481/4 - 0. Let s = f + 4040. Suppose s = -5*h + 3775. Is h composite?
False
Let i(z) = -162*z - 5. Suppose 4*c + 219 = c. Let o = 72 + c. Is i(o) a composite number?
False
Is (-324)/135 - -3 - (-202444)/10 a composite number?
True
Suppose 5*p + l - 5365238 = 0, -2*l + 6*l + 1073077 = p. Is p a composite number?
True
Suppose 4*p - 619163 = -c, 1634717 = 2*c + p + 396433. Is c prime?
True
Suppose -30*s + 27*s - 2*n = -57081, 0 = -2*s - 3*n + 38059. Suppose 5*m = 30*m - s. Is m a composite number?
False
Let i = 35 + -42. Let l(t) = 27*t**2 + 9*t - 7. Let y be l(i). Let x = -734 + y. Is x a prime number?
False
Let c = 56 - 53. Suppose -5*o - 5*s = 150, -4*o - c*s - 117 = 1. Is 2/8 + (-17437)/o a prime number?
False
Let s(t) = -15*t**3 - 3*t - 7. Suppose 10 = -5*r, 0 = -i + 4*r + 3 - 1. Let w be 2 + 14/(-3) + i/18. Is s(w) composite?
True
Let p = -17 + 20. Let n(q) = 21*q**p + 27*q**3 - 10*q**2 - 49*q**3 - 3*q**2 + 14 + q. Is n(-15) prime?
True
Let d = 23311 - 6354. Suppose 4*n + d = 5*k, -154 = k - 4*n - 3555. Is k prime?
True
Let b(d) = 49*d**3 + 5*d**2 - 8*d - 37. Let n(v) = 49*v**3 + 4*v**2 - 9*v - 37. Let p(s) = -5*b(s) + 6*n(s). Is p(6) a composite number?
False
Let w(n) = 2026*n + 1263. Is w(19) prime?
False
Suppose -3*p = 2*p - 60. Suppose -3*i - p = -6*i. Is -667*(1 + (16/(-2))/i) composite?
True
Let h(n) = 9*n**2 - 9*n + 15. Let t be (-7)/((-7)/(-34)) - 1. Let d be ((-21)/t)/(((-9)/15)/(-3)). Is h(d) composite?
True
Suppose 4*a + 12504 = -4*a. Let g = -2692 - a. Is (2 + g/(-4))/((-24)/(-64)) composite?
True
Suppose 0*q + 5*q - 315980 = -o, 315960 = 5*q + 5*o. Is q a prime number?
True
Let b be (2/4)/((-2)/(-44)). Suppose 17 = -f - b. Is 4/(-14) + ((-3116)/f)/1 composite?
True
Suppose 10*u + 5011 = 21241. Let m be 2/(-2) + -3 - 0. Is u - (4 + m)/4 prime?
False
Suppose -20*w = -14*w + 28854. Let f = w + 20992. Is f prime?
True
Suppose 326*m - 320*m - 6084 = 0. Suppose 19051 = 5*i - o, i - 2781 = 4*o + m. Is i composite?
True
Suppose -t - 4*s = -44023, -5*t + 118*s = 117*s - 220073. Is t a prime number?
False
Let s = -563 + 370. Let y = s - -345. Let l = 565 - y. Is l a prime number?
False
Is 44020 + (-10 + (11 - 6) - 0) a composite number?
True
Let t be 12/8*(-2460)/(-18)*14. Suppose 2*k = 4*r - 12994, -2*r + 2*k + 3630 = -t. Is r prime?
False
Is 12 + 7 + -4 - -95518 a prime number?
False
Let o be (-4)/(-14) - 12/42. Suppose -30*r + 34*r = 4*y + 13976, o = -3*r - 3*y + 10464. Is r composite?
False
Suppose 3*y = -48*s + 49*s + 218998, 0 = 3*y - 5*s - 218978. Is y a composite number?
True
Let w = 14485 - 7527. Let h = w - 3345. Is h a prime number?
True
Let m(n) = 2*n**2 + 2*n. Let g be m(-1). Suppose 3*s - 9*s - 1842 = g. Is (8 + -6)*s/(-2) composite?
False
Let m(b) = 103*b**3 + 3*b + 4. Let u be m(3). Suppose -2*s - u = -4*s. Is s prime?
False
Suppose 5*n = 11 + 104. Suppose n*o = 27*o - 8. Suppose -o*d + 73 = -685. Is d a prime number?
True
Let k be (-3)/(-4)*32/6. Let z be -1*k/2*(-15)/6. Suppose -z*r + 20 = 0, t - 3*r + 0*r = 367. Is t composite?
False
Suppose 1806902 = 9*o - 364159. Is o prime?
True
Suppose 3*q - 3*l + 3 = 0, -5*q + 37*l = 40*l - 27. Suppose -5*u - q*b = -2*u - 10932, -2*u + 2*b = -7284. Is u a prime number?
True
Let m = 394 - 394. Suppose m = 58*y - 45*y - 156182. Is y a prime number?
False
Suppose 3*p - 77592 = -0*p. Is (-12 - p)*(-2)/8 prime?
True
Suppose -93*k + 28250884 = -55677431. Is k prime?
False
Let f(o) = -34*o + 11*o**2 + o**2 - 11 - 8*o - 5*o**2. Is f(32) a composite number?
False
Let b be 833 + (-6 - (-70)/7). Suppose -31 + b = 13*h. Is h a prime number?
False
Let j be (-42858)/63 - (0 - (-4)/(-14)). Let b be (j/(-3))/(19/57). Suppose -3*h - b = -2573. Is h prime?
True
Suppose -4*t + 4616 = 2*q, -7*t + q = -6*t - 1151. Is (-6)/6*(-4 - t) prime?
False
Let m be (-1)/((-1)/(-4337))*(10 + -11). Let c = m + -2123. Suppose c = 4*t - 2*t - 4*q, 3*t + q = 3356. Is t prime?
True
Suppose -1610 = -3*q - p, 2*q - 9*p + 10*p - 1073 = 0. Is q a composite number?
True
Let a(u) = -23*u - 10. Let t(f) = 16*f + 7. Let g(h) = 5*a(h) + 7*t(h). Let w be g(-1). Is (-4728 + -5)/(1*(1 - w)) composite?
False
Suppose -119*y + 21815172 = -88626229. Is y prime?
True
Suppose 5*v = -3*h + 8083, 3*v + 2762 + 7967 = 4*h. Suppose 0*r = -2*r + h. Is r a prime number?
False
Let n(l) = -1546*l - 1419. Is n(-20) a prime number?
True
Suppose b - 465520 = 195902 + 96241. Is b a prime number?
False
Suppose 4*q + 57 = 2*q - 5*m, 4*m + 30 = -q. Let o = q + 35. Let r(t) = 4*t**2 + 4*t + 22. Is r(o) prime?
False
Let n(s) = 6*s**3 - 7*s**2 + 22*s - 35. Let y be n(11). Suppose h - y - 1145 = 0. Is h composite?
True
Suppose -c + 879599 = 4*x - 52982, 0 = 5*c + 5*x - 4662785. Is c a composite number?
False
Let j = 200 - 184. Suppose 2*g - 7*